 (base 7) in base 8?
-7274
What is -885 (base 13) in base 6?
-10433
-3aaf (base 16) to base 9
-22542
Convert 68c (base 13) to base 12.
7a2
9a9e (base 16) to base 14
105d4
Convert -38b4 (base 14) to base 8.
-23346
-571 (base 9) to base 16
-1d5
Convert -5981 (base 10) to base 9.
-8175
Convert -2bc (base 16) to base 4.
-22330
Convert 2328a (base 11) to base 3.
1201010000
-5006 (base 7) to base 4
-122321
What is 562 (base 8) in base 3?
111201
Convert -305 (base 11) to base 16.
-170
What is -5805 (base 11) in base 16?
-1dcc
Convert -2112010 (base 5) to base 10.
-35255
What is da4 (base 15) in base 12?
1947
Convert 13104 (base 5) to base 6.
4433
-2112201 (base 3) to base 11
-1437
What is 1961 (base 13) in base 15?
11d2
What is 3102132 (base 5) in base 2?
1100010001110100
What is 2032 (base 7) in base 3?
222021
32014 (base 10) to base 13
11758
Convert -284 (base 15) to base 10.
-574
What is 101101 (base 3) in base 4?
10120
Convert -12725 (base 11) to base 5.
-1040202
-802 (base 10) to base 2
-1100100010
-4ca1 (base 13) to base 12
-6403
What is 102210 (base 3) in base 10?
318
Convert -412 (base 9) to base 7.
-656
Convert 160 (base 12) to base 7.
426
Convert 20305 (base 7) to base 16.
135a
1239 (base 13) to base 8
5027
Convert 120111 (base 3) to base 11.
350
213 (base 13) to base 8
542
Convert -12103 (base 6) to base 8.
-3347
Convert -13003222 (base 4) to base 2.
-111000011101010
Convert -206 (base 12) to base 8.
-446
What is 1310 (base 4) in base 16?
74
What is 2541 (base 6) in base 9?
777
1179 (base 12) to base 10
1965
What is 2367 (base 8) in base 16?
4f7
-bb (base 12) to base 4
-2033
Convert -16174 (base 8) to base 10.
-7292
What is -82526 (base 10) in base 8?
-241136
Convert 421210 (base 5) to base 16.
366a
544253 (base 6) to base 13
17661
-5d1a (base 14) to base 8
-37644
What is -5c1 (base 13) in base 4?
-33222
What is 61036 (base 7) in base 2?
11100110111000
Convert -14ba4 (base 12) to base 5.
-1414411
-535 (base 9) to base 15
-1e2
What is -660 (base 7) in base 5?
-2321
What is 3313 (base 5) in base 15?
208
Convert -1000100000 (base 2) to base 4.
-20200
What is -2056 (base 9) in base 7?
-4254
Convert 30b4 (base 14) to base 15.
2745
35545 (base 10) to base 11
24784
Convert 2020102010 (base 3) to base 9.
66363
Convert 191 (base 11) to base 15.
eb
Convert -898 (base 11) to base 5.
-13300
Convert 5c65 (base 16) to base 9.
35401
10030 (base 4) to base 9
327
-112012 (base 4) to base 15
-644
What is 17631 (base 8) in base 13?
38b3
Convert -342 (base 11) to base 6.
-1521
4ba (base 14) to base 2
1110110100
876 (base 11) to base 2
10000011011
-1466 (base 16) to base 12
-3032
What is -14a0 (base 12) in base 13?
-1146
What is -5c97 (base 14) in base 10?
-16205
Convert 12101 (base 6) to base 16.
6e5
What is 11000011 (base 2) in base 16?
c3
3323330 (base 5) to base 16
e26d
-3c25 (base 15) to base 10
-12860
Convert -257b (base 16) to base 12.
-5677
Convert 2273b (base 12) to base 14.
12a87
Convert -163d (base 14) to base 7.
-14406
What is 22033 (base 5) in base 13?
8ca
What is 3311 (base 6) in base 4?
23323
Convert -625 (base 13) to base 2.
-10000010101
Convert 135053 (base 8) to base 3.
2102101011
Convert -201555 (base 6) to base 2.
-11111001101111
5445 (base 6) to base 13
755
-1148 (base 9) to base 16
-356
-1711 (base 10) to base 6
-11531
Convert 2b25 (base 13) to base 10.
6284
What is -121000010 (base 3) in base 11?
-8847
Convert 184 (base 9) to base 6.
421
2d5a (base 16) to base 3
120221000
-12001 (base 3) to base 12
-b4
-10012202101 (base 3) to base 13
-22a2c
What is 231332 (base 4) in base 14?
1102
What is 1123 (base 4) in base 14?
67
Convert -b66 (base 12) to base 14.
-86a
Convert -1021212 (base 3) to base 7.
-2513
Convert 3a45 (base 15) to base 4.
3002120
What is 598 (base 12) in base 16?
344
Convert 278 (base 11) to base 14.
195
641 (base 10) to base 14
33b
Convert -83 (base 9) to base 5.
-300
Convert -4bed (base 15) to base 2.
-11111101000110
What is 20123 (base 6) in base 5?
41033
What is 323333 (base 4) in base 12?
227b
Convert 19a (base 11) to base 5.
1410
Convert 627 (base 9) to base 10.
511
-52045 (base 8) to base 4
-11100211
-6702 (base 15) to base 11
-15443
What is -51636 (base 7) in base 8?
-30575
a50 (base 13) to base 10
1755
Convert 112 (base 15) to base 9.
288
Convert -70c (base 15) to base 10.
-1587
-2949 (base 12) to base 10
-4809
What is -10121020 (base 3) in base 4?
-221001
-6367 (base 11) to base 2
-10000011100110
Convert 13541 (base 6) to base 10.
2149
Convert 9b7 (base 15) to base 13.
1000
112100 (base 3) to base 4
12003
What is -1448 (base 10) in base 6?
-10412
13031 (base 4) to base 5
3321
Convert a7e (base 15) to base 14.
c13
What is -20780 (base 10) in base 5?
-1131110
What is 1461 (base 8) in base 2?
1100110001
What is -780 (base 10) in base 6?
-3340
Convert 197 (base 11) to base 9.
272
-4a4e (base 15) to base 4
-3313100
1f4f (base 16) to base 13
3857
What is -1502 (base 6) in base 10?
-398
What is 13313 (base 5) in base 8?
2073
276 (base 13) to base 14
231
Convert 23504 (base 6) to base 9.
4624
Convert 36325 (base 9) to base 14.
8c15
What is 1202311 (base 4) in base 6?
45141
Convert 2153 (base 11) to base 15.
c96
-132c (base 15) to base 9
-5546
What is 592 (base 10) in base 7?
1504
Convert -2691 (base 11) to base 7.
-13112
-35dc (base 15) to base 2
-10110011000001
46602 (base 7) to base 11
8a91
-13002 (base 4) to base 9
-550
Convert 1020031 (base 4) to base 10.
4621
What is 1202212 (base 3) in base 15?
5b2
What is -1020211 (base 5) in base 12?
-996b
Convert a674 (base 11) to base 10.
14117
-1010010100000 (base 2) to base 7
-21252
Convert -3b (base 14) to base 11.
-49
Convert -11132 (base 6) to base 16.
-620
11110 (base 3) to base 4
1320
What is 292 (base 12) in base 9?
482
1411142 (base 5) to base 6
341522
What is -784 (base 9) in base 15?
-2cd
Convert 1011202111 (base 3) to base 4.
11221300
Convert -1013 (base 5) to base 6.
-341
What is 67b6 (base 15) in base 9?
33150
What is 579 (base 14) in base 10?
1087
What is -12323311 (base 4) in base 5?
-1402110
What is -1201 (base 10) in base 6?
-5321
What is -30504 (base 6) in base 10?
-4072
Convert -1471 (base 13) to base 16.
-b95
What is -1001111001101 (base 2) in base 6?
-35245
Convert -10011000000 (base 2) to base 16.
-4c0
Convert -22012122 (base 3) to base 13.
-2954
-151 (base 12) to base 7
-412
What is 1002221 (base 3) in base 5?
11213
What is 23414 (base 6) in base 7?
12616
Convert 477 (base 9) to base 3.
112121
1143 (base 6) to base 16
117
-2993a (base 11) to base 6
-524133
Convert -1931 (base 15) to base 5.
-133241
Convert -a8a (base 14) to base 6.
-13350
What is -29ad (base 14) in base 3?
-101011021
10011111001111 (base 2) to base 4
2133033
a21 (base 12) to base 5
21330
-13313 (base 4) to base 16
-1f7
-76ba (base 12) to base 9
-18867
Convert -734 (base 8) to base 7.
-1250
-b22 (base 15) to base 11
-197a
What is -6684 (base 13) in base 14?
-52da
What is 312412 (base 5) in base 16?
2875
-1025 (base 6) to base 12
-175
Convert -3a7 (base 13) to base 10.
-644
32100021 (base 4) to base 14
173bb
Convert -37660 (base 8) to base 14.
-5d28
Convert -788 (base 10) to base 4.
-30110
10004 (base 5) to base 13
395
486 (base 10) to base 14
26a
What is -2304 (base 6) in base 7?
-1405
What is -4008 (base 9) in base 5?
-43144
What is -12251 (base 6) in base 12?
-1087
What is -905 (base 12) in base 2?
-10100010101
-3140 (base 6) to base 5
-10313
What is 276d (base 14) in base 16?
1b2d
-10010000101010 (base 2) to base 8
-22052
Convert -187 (base 11) to base 5.
-1331
What is -778 (base 15) in base 13?
-9cb
What is 1762 (base 9) in base 7?
3641
Convert 120a7 (base 11) to base 14.
64c4
313002 (base 4) to base 15
109c
What is -11322 (base 5) in base 16?
-345
Convert 1012211220 (base 3) to base 14.
8a26
Convert 3102123 (base 4) to base 9.
20423
Convert 202 (base 10) to base 3.
21111
What is -7215 (base 16) in base 6?
-343113
What is 42324 (base 6) in base 2?
1011001101100
206 (base 9) to base 2
10101000
189a (base 13) to base 9
5034
What is 34000 (base 5) in base 2?
100101000111
13c (base 15) to base 6
1150
-91d (base 16) to base 4
-210131
61187 (base 9) to base 10
40255
What is -16407 (base 10) in base 5?
-1011112
-6062 (base 7) to base 5
-31402
What is 332115 (base 7) in base 9?
88056
Convert